at is 2438477 (base 9) in base 11?
825534
-6546 (base 14) to base 7
-102016
-1838801 (base 9) to base 14
-1cb513
What is 3a188 (base 12) in base 13?
2a3a7
-19d04d (base 15) to base 5
-310241243
Convert -1026043 (base 7) to base 5.
-12441130
What is 191590 (base 14) in base 15?
127e13
-64918 (base 13) to base 9
-306214
Convert -a47244 (base 14) to base 7.
-65121214
Convert 236a41 (base 12) to base 3.
1002001021011
Convert 110101111001011001 (base 2) to base 6.
4422013
Convert -269865 (base 11) to base 14.
-b01dc
11000001110011000110010 (base 2) to base 15
8568e1
Convert -13225130 (base 8) to base 12.
-ba8b34
Convert -852c9 (base 14) to base 15.
-65462
Convert -4352131 (base 6) to base 3.
-102000120001
What is 66312 (base 8) in base 10?
27850
Convert 93955 (base 12) to base 4.
233022101
What is -140161 (base 9) in base 15?
-1a4a4
40cc1 (base 14) to base 8
461031
What is -334685 (base 10) in base 8?
-1215535
What is -18871311 (base 9) in base 10?
-9553798
Convert 10001102202202 (base 3) to base 2.
110001100001000111001
Convert 50bb04 (base 14) to base 4.
22120122320
Convert -267ad (base 14) to base 9.
-154056
What is 12400022312 (base 5) in base 11?
8667000
What is -12404040 (base 5) in base 8?
-357033
-2301231233 (base 4) to base 3
-1100222111222
What is 2212132 (base 9) in base 7?
13051535
What is -1704b6 (base 13) in base 7?
-4601525
Convert -2b0922 (base 13) to base 14.
-1d7974
What is 14460253 (base 7) in base 15?
1c2a24
-31534 (base 8) to base 11
-9973
What is -100010110110010011000101 (base 2) in base 12?
-3086771
-2091414 (base 10) to base 11
-11a9346
What is 94262 (base 11) in base 12?
67623
Convert 1234333410 (base 5) to base 7.
34602443
2c0635 (base 14) to base 12
621b73
-4d83a (base 14) to base 4
-232213230
Convert -612432 (base 15) to base 12.
-1666578
-95339 (base 11) to base 15
-2b204
Convert 304215 (base 7) to base 4.
30222333
What is -14c7a (base 13) in base 2?
-1001101000110110
Convert 157c34 (base 14) to base 7.
6246664
Convert 1b278 (base 15) to base 9.
144125
10011000011010000101000 (base 2) to base 14
940008
Convert -3230223021 (base 4) to base 3.
-1211020210100
d6d (base 16) to base 10
3437
-31154464 (base 7) to base 15
-36ada4
10010110001101101010101 (base 2) to base 8
22615525
What is 5b977c (base 13) in base 10?
2191695
621565 (base 10) to base 5
124342230
Convert 1b2437 (base 15) to base 10.
1323952
What is 1120101122002 (base 3) in base 8?
3135605
What is -18558b (base 14) in base 11?
-538126
Convert -93c9a9 (base 16) to base 14.
-1401957
Convert 32130200102 (base 4) to base 3.
21010101110202
12521530 (base 8) to base 5
1203404303
Convert 3012340413 (base 5) to base 6.
332104325
-2031 (base 13) to base 12
-2696
-148d6 (base 15) to base 9
-110633
-2025520 (base 6) to base 3
-11221022010
71064 (base 10) to base 3
10121111000
-3b013 (base 13) to base 2
-11010110100101010
What is -240048 (base 9) in base 10?
-144386
-224221034 (base 5) to base 14
-1c3308
Convert 112311120 (base 4) to base 16.
16d58
Convert 21303111 (base 4) to base 12.
1b299
212210102221 (base 3) to base 9
783387
Convert -34003144 (base 5) to base 7.
-2345522
What is 256133 (base 9) in base 12?
75b10
-440420 (base 7) to base 8
-226362
What is 50756 (base 9) in base 2?
1000001010001111
What is -3232253 (base 8) in base 6?
-30314415
What is 7132211 (base 8) in base 11?
1075435
-2673835 (base 9) to base 14
-2a2362
1bf796 (base 16) to base 7
21402412
1c8ae1 (base 15) to base 2
101010100111001110000
Convert -100111001111100010 (base 2) to base 8.
-471742
-19597 (base 13) to base 16
-c097
What is -11334114032 (base 5) in base 11?
-74a0196
What is 46c82 (base 14) in base 15?
36214
-46149d (base 15) to base 14
-6313a9
Convert -17a318 (base 14) to base 6.
-25520430
Convert -2706663 (base 8) to base 13.
-20683c
What is 3200202102 (base 4) in base 6?
31413510
Convert -1716262 (base 9) to base 6.
-32253345
Convert 2211210021110 (base 3) to base 5.
341331133
Convert -50221771 (base 8) to base 4.
-220102033321
What is -21130414 (base 5) in base 4?
-223031120
What is -151433153 (base 6) in base 16?
-303e3d
220013021 (base 4) to base 11
102491
Convert -11156653 (base 8) to base 9.
-4482162
What is b72bc (base 13) in base 8?
1204473
Convert 27154 (base 15) to base 4.
132203323
What is -491797 (base 16) in base 13?
-cb9425
What is 30202301 (base 4) in base 16?
c8b1
-3011132302 (base 4) to base 7
-6606154
-35200 (base 7) to base 5
-242031
What is 71026 (base 10) in base 8?
212562
Convert -1022121002110110 (base 3) to base 12.
-6403519
Convert 2520515 (base 8) to base 4.
2222011031
What is 25410435 (base 7) in base 4?
20302302132
-10441004 (base 5) to base 14
-25db0
Convert -401234300 (base 5) to base 11.
-994229
155310425 (base 6) to base 9
6245888
-3616406 (base 7) to base 9
-767778
What is 10210000012 (base 3) in base 7?
426542
What is -10102010122112 (base 3) in base 16?
-1babf8
Convert 1012111200101 (base 3) to base 10.
639829
Convert -2e7c83 (base 15) to base 10.
-2253948
Convert 16e9a (base 16) to base 2.
10110111010011010
What is 25313 (base 12) in base 9?
76316
Convert 1111101001011001111000 (base 2) to base 3.
21201101112202
What is 10100110101001010111 (base 2) in base 7?
5542016
Convert 33064 (base 12) to base 16.
1078c
21210120220 (base 3) to base 6
3142423
What is 12203300 (base 7) in base 2?
100001010111111111111
What is 101110111110101100 (base 2) in base 8?
567654
Convert -100110011000110100101 (base 2) to base 9.
-2326448
What is -12233012200 (base 5) in base 7?
-236151026
Convert 20121031133 (base 4) to base 11.
1273228
Convert -1000001000100100000 (base 2) to base 5.
-32012103
Convert 484001 (base 9) to base 14.
783a9
Convert 10665275 (base 8) to base 7.
25505004
-39d4b (base 15) to base 16
-2d39e
Convert -2896ce (base 16) to base 12.
-a83466
b7823 (base 16) to base 4
2313200203
What is -6490f (base 16) in base 5?
-101140134
Convert -201113122221 (base 4) to base 15.
-b7b910
Convert 16a215 (base 16) to base 5.
334431120
1444030001 (base 5) to base 4
32312110111
1010011010001001 (base 2) to base 5
2331013
What is 395d6 (base 16) in base 8?
712726
What is 19c00d (base 14) in base 12?
382479
What is 1175270 (base 9) in base 13?
19558b
Convert 761e50 (base 16) to base 2.
11101100001111001010000
What is -82c1c (base 15) in base 16?
-6530d
Convert 1313020213 (base 4) to base 10.
487975
What is -1193163 (base 10) in base 6?
-41323523
What is -310651 (base 8) in base 3?
-12020001100
Convert -727067 (base 8) to base 3.
-110020212121
What is -6202000 (base 7) in base 10?
-740194
-2452443 (base 6) to base 2
-100000000110101011
What is 1666701 (base 9) in base 13?
26742a
What is 10011110110100111000 (base 2) in base 3?
1020001101112
Convert -2610621 (base 9) to base 6.
-50305414
What is -423885 (base 12) in base 9?
-1860042
66eee (base 15) to base 13
b6018
-12123321110 (base 4) to base 12
-694418
1299abb (base 12) to base 3
20221100011122
What is 2a6636 (base 13) in base 4?
3332200011
-4616693 (base 10) to base 4
-101213013311
Convert -16577b (base 12) to base 13.
-10542b
What is 102222032 (base 4) in base 9?
125752
What is -53030132 (base 6) in base 7?
-16056161
What is 10090a (base 11) in base 14?
43142
6474 (base 8) to base 5
102023
What is -132310 (base 5) in base 3?
-21022102
What is -a21275 (base 13) in base 6?
-212510043
c49c1 (base 14) to base 3
220002001220
Convert -3232555 (base 6) to base 5.
-20110210
Convert -2617762 (base 8) to base 5.
-141312244
What is 1542042 (base 6) in base 4?
112100222
What is -11101000202110 (base 3) in base 13?
-634557
Convert 2002440 (base 7) to base 2.
111001101010110000
What is 1101131011 (base 4) in base 5?
41134022
1513437 (base 11) to base 4
21321302012
What is 121211020110 (base 3) in base 2?
1010000110110000100
What is 13002 (base 6) in base 15?
89b
Convert -52cb2 (base 16) to base 12.
-144302
What is 112402010 (base 5) in base 13?
14c509
What is f688 (base 16) in base 7?
352000
Convert 2057577 (base 8) to base 6.
15432235
Convert 29804 (base 10) to base 14.
ac0c
12000202000112 (base 3) to base 5
1140444144
-14206718 (base 9) to base 4
-122310233231
-3010201220 (base 4) to base 2
-11000100100001101000
-12982801 (base 10) to base 15
-1216b51
Convert -150df (base 16) to base 6.
-1503131
553745 (base 8) to base 6
3554405